{"id":241,"date":"2019-07-07T23:18:18","date_gmt":"2019-07-07T22:18:18","guid":{"rendered":"https:\/\/www.celikkasa.com\/2019\/?post_type=product&#038;p=241"},"modified":"2026-04-18T12:13:09","modified_gmt":"2026-04-18T11:13:09","slug":"es-1200-yuksek-guvenlikli-celik-kasa","status":"publish","type":"product","link":"https:\/\/www.celikkasa.com\/2019\/urun\/es-1200-yuksek-guvenlikli-celik-kasa\/","title":{"rendered":"ES 1200 Y\u00fcksek G\u00fcvenlikli \u00c7elik Kasa"},"content":{"rendered":"<body><h2><strong>ECBS EN1143-1 Sertifikal\u0131 Profesyonel \u00c7elik Kasa ES1200<\/strong><\/h2>\n<p>590 KG a\u011f\u0131rl\u0131\u011f\u0131na ek olarak, i\u00e7ten zemine monte edilebilen, Avrupan\u0131n en \u00fcst h\u0131rs\u0131zl\u0131k standard\u0131na sahip \u00e7elik kasa serisi.<\/p>\n<h3><strong>\u00c7elik Kasa \u00d6l\u00e7\u00fc, A\u011f\u0131rl\u0131k, Hacim Bilgileri<\/strong><\/h3>\n<table border='\\\"0\\\"' rules='\\\"rows\\\"'>\n<tbody>\n<tr>\n<td width='\\\"179\\\"'><strong>Model<\/strong><\/td>\n<td width='\\\"19\\\"'><strong>:<\/strong><\/td>\n<td width='\\\"212\\\"'><strong>ES1200 Y\u00fcksek G\u00fcvenlikli \u00c7elik Kasa \u2013 ECB.S Sertifikal\u0131-<\/strong><\/td>\n<\/tr>\n<tr>\n<td width='\\\"179\\\"'><strong>D\u0131\u015f \u00d6l\u00e7\u00fcler<\/strong><\/td>\n<td width='\\\"19\\\"'><strong>:<\/strong><\/td>\n<td width='\\\"212\\\"'>1160 x 655 x 560 (mm)<\/td>\n<\/tr>\n<tr>\n<td width='\\\"179\\\"'><strong>\u0130\u00e7 \u00d6l\u00e7\u00fcler<\/strong><\/td>\n<td width='\\\"19\\\"'><strong>:<\/strong><\/td>\n<td width='\\\"212\\\"'>980 x 475 x 350(mm)<\/td>\n<\/tr>\n<tr>\n<td width='\\\"179\\\"'><strong>A\u011f\u0131rl\u0131k<\/strong><\/td>\n<td width='\\\"19\\\"'><strong>:<\/strong><\/td>\n<td width='\\\"212\\\"'>590 Kg.<\/td>\n<\/tr>\n<tr>\n<td width='\\\"179\\\"'><strong>Hacim<\/strong><\/td>\n<td width='\\\"19\\\"'><strong>:<\/strong><\/td>\n<td width='\\\"212\\\"'>162 Lt.<\/td>\n<\/tr>\n<tr>\n<td width='\\\"179\\\"'><strong>\u00c7ekmece \/ Raf Say\u0131s\u0131<\/strong><\/td>\n<td width='\\\"19\\\"'><strong>:<\/strong><\/td>\n<td width='\\\"212\\\"'>1 kilitli \u00c7ekmece \/ 2 Ayarl\u0131 Raf (art\u0131r\u0131labilir)<\/td>\n<\/tr>\n<tr>\n<td width='\\\"179\\\"'><strong>Kilitleme Mekanizmas\u0131<\/strong><\/td>\n<td width='\\\"19\\\"'><strong>:<\/strong><\/td>\n<td width='\\\"212\\\"'>Elektronik \u015eifreli \u00c7elik Kasa Sistemi Vds Onayl\u0131<\/td>\n<\/tr>\n<tr>\n<td width='\\\"179\\\"'><strong>Yang\u0131na Dayan\u0131kl\u0131l\u0131k<\/strong><\/td>\n<td width='\\\"19\\\"'><strong>:<\/strong><\/td>\n<td width='\\\"212\\\"'>1090 <sup>0<\/sup>C 60 Dakika SP NT Fire Sertifikas\u0131<\/td>\n<\/tr>\n<tr>\n<td width='\\\"179\\\"'><strong>H\u0131rs\u0131zl\u0131k Sertifikas\u0131<\/strong><\/td>\n<td width='\\\"19\\\"'><strong>:<\/strong><\/td>\n<td width='\\\"212\\\"'>ECB.S EN 1143-1 H\u0131rs\u0131zl\u0131k (Burglary) sertifikas\u0131na sahiptir.<\/td>\n<\/tr>\n<\/tbody>\n<\/table>\n<p>Yeni EUROSAFE \u00c7elik Kasa, Y\u00fcksek G\u00fcvenlikli para ve m\u00fccevher kasas\u0131, Avrupa Birli\u011fi g\u00fcvenlik standartlar\u0131n\u0131n en \u00fcst\u00fc EN 1143-1 standard\u0131na sahip ve ECB.S taraf\u0131ndan sertifikaland\u0131r\u0131lm\u0131\u015f \u00f6zel \u00e7elik kasad\u0131r. Elektronik \u015fifreli geli\u015fmi\u015f, Vds onayl\u0131 \u00e7elik kasa kilitleme sistemi ve 1090 C derece yang\u0131na dayan\u0131kl\u0131l\u0131k \u00f6zellikleriyle hem h\u0131rs\u0131zl\u0131k hem de yang\u0131na kar\u015f\u0131 profesyonel koruma sa\u011flayan bir kasa modelidir. \u00c7elik Kasa a\u011f\u0131rl\u0131\u011f\u0131 Net 500 Kg d\u0131r ve i\u00e7inden zemine montaj\u0131 yap\u0131larak ta\u015f\u0131nmas\u0131 daha da imkans\u0131z hale getirilebilir.<\/p>\n<h3><strong>\u00c7elik Kasa Genel \u00d6zellikleri (Y\u00fcksek G\u00fcvenlikli \u00c7elik Kasa Serisi)<\/strong><\/h3>\n<hr size='\\\"2\\\"'>\n<ul>\n<li style=\"list-style-type: none;\">\n<ul>\n<li>EN 1143-1 sertifikas\u0131 ECB.S ( European Certification Board Security Systems) taraf\u0131ndan verilmi\u015ftir.<\/li>\n<li>Elektronik \u015eifreli Kilit EN1143-1 standard\u0131na uygun Vds onayl\u0131 Lagard kilittir. ( Tercihen Mauer anahtarl\u0131 kilit mekanizmas\u0131 se\u00e7ilebilir.<\/li>\n<li>\u00c7elik kasalar i\u00e7i \u00e7ekmece ve ayarl\u0131 raf sistemi ile \u00e7ok daha kullan\u0131\u015fl\u0131 i\u00e7 tasar\u0131m\u0131 ile daha verimli kullan\u0131m imkan\u0131 sa\u011flar.<\/li>\n<li>Daha fazla g\u00fcvenlik i\u00e7in, \u00e7elik kasa a\u011f\u0131rl\u0131\u011f\u0131 330 Kg olmas\u0131na ra\u011fmen, i\u00e7inden zemine monte edilebilir, b\u00f6ylece ta\u015f\u0131ma ra\u00e7lar\u0131yla da yerinden kald\u0131r\u0131lmas\u0131 imkan\u0131 ortadan kalkar.<\/li>\n<li>Y\u00fcksek miktarda nakit, m\u00fccevher, \u00e7ek senet , \u00e7ok k\u0131ymetli evrak i\u00e7in profesyonel \u00e7elik kasa modelidir.<\/li>\n<li>5 hatal\u0131 \u015fifre denemesinde \u00e7elik kasan\u0131n bloke olma \u00f6zelli\u011fi.<\/li>\n<li>H\u0131rs\u0131zl\u0131k sertifikas\u0131 yan\u0131nda SP onayl\u0131, Yang\u0131na kar\u015f\u0131 Tam Koruma Sertifikas\u0131 ile yang\u0131na kar\u015f\u0131 da tam koruma sa\u011flar<\/li>\n<\/ul>\n<\/li>\n<\/ul>\n<p>Y\u00fcksek miktarl\u0131 nakit para, m\u00fccevher, \u00e7ek senet gibi de\u011ferleri h\u0131rs\u0131zl\u0131k ve yang\u0131na kar\u015f\u0131 da tam olarak korumak i\u00e7in tasarlanm\u0131\u015f, ECB.S ve NT Fire 017 sertifikal\u0131 yanmaz \u00e7elik ev ofis kasas\u0131.<\/p>\n<p>Eurosafe, y\u00fcksek g\u00fcvenlikli \u00e7elik para kasas\u0131 modelleri, ECB:S onayl\u0131 kasalar her zamankinden daha g\u00fc\u00e7l\u00fc ve \u00e7ok daha \u015f\u0131k. Elektronik \u015fifreli \u00e7elik kasalar, panik kapama sistemli kilitleme mekanizmas\u0131 ile anahtarl\u0131 kasalar\u0131n aksine anahtar ta\u015f\u0131ma zahmetini, anahtar kaybetme riskini ortadan kald\u0131r\u0131r, g\u00fcn i\u00e7inde defalarca a\u00e7\u0131p kapamay\u0131 kolayla\u015ft\u0131r\u0131r ve g\u00fcvenli koruma sa\u011flar.Ancak, tercihe g\u00f6re anahtarl\u0131 modelleri de kullan\u0131labilir.<\/p>\n<h3><strong>Elektronik \u015eifreli Kilit Genel \u00d6zellileri<\/strong><\/h3>\n<hr size='\\\"2\\\"'>\n<ul>\n<li style=\"list-style-type: none;\">\n<ul>\n<li>Ekranl\u0131, Elektronik \u015eifreli Kilit Sistemine sahiptir (Standart olarak sunulur)<\/li>\n<li>\u00c7elik kasa, Elektronik kilit, 4-6 basamakl\u0131 iki ayr\u0131 \u015fifre ile kullan\u0131labilir.<\/li>\n<li>Yanl\u0131\u015f \u015fifre denemelerinde kilit bloke olur.<\/li>\n<li>3 y\u00f6nl\u00fc \u00c7elik kilitleme milleri ile h\u0131rs\u0131zl\u0131\u011fa kar\u015f\u0131 tam koruma sa\u011flar.<\/li>\n<\/ul>\n<\/li>\n<\/ul>\n<h3><strong>\u00c7elik Kasa \u0130\u00e7 D\u00fczen Ekipmanlar\u0131<\/strong><\/h3>\n<hr size='\\\"2\\\"'>\n<ul>\n<li style=\"list-style-type: none;\">\n<ul>\n<li>Ayr\u0131ca kilitli \u00e7elik kasa \u00e7ekmecesi ile \u00e7ok daha kullan\u0131\u015fl\u0131 bir i\u00e7 hacim yarat\u0131lm\u0131\u015ft\u0131r. M\u00fccevher, saat, tak\u0131, vb \u00e7ok kolay ve d\u00fczenli \u015fekilde ek bir g\u00fcvenlikle \u00e7ekece i\u00e7inde saklanabilir, para \u00e7ekmecesi olarak kullan\u0131labilir.<\/li>\n<li>Raf y\u00fcksekli\u011fi ayarlanabilir.<\/li>\n<\/ul>\n<\/li>\n<\/ul>\n<h3><strong>\u00c7elik Kasa Sertifikalar\u0131<\/strong><\/h3>\n<hr size='\\\"2\\\"'>\n<ul>\n<li style=\"list-style-type: none;\">\n<ul>\n<li>Avrupa Birli\u011fi Normlar\u0131na ( EN) uygundur.<\/li>\n<li>ECB.S En 1143-1 (gradeI) h\u0131rs\u0131zl\u0131\u011fa kar\u015f\u0131 dayan\u0131kl\u0131 \u00e7elik kasa EN (Avrupa normlar\u0131) sertifikalar\u0131na sahiptir. *ECB:S European Certification Board Security Systems onayl\u0131 Burglary.<\/li>\n<li>NT Fire 017 60 Paper yang\u0131na dayan\u0131kl\u0131 \u00e7elik kasa EN (Avrupa normlar\u0131) sertifikalar\u0131na sahiptir. *SP onayl\u0131 (Swedish National Testing and Research Institute), 1090 derece s\u0131cakl\u0131kta 60 dakika dosya ( ka\u011f\u0131t) yang\u0131n g\u00fcvenli\u011fi sertifikas\u0131)<\/li>\n<li>ISO 9001 -2008 &amp; ISO 9001-2009 kalite sertifikalar\u0131na sahiptir.<\/li>\n<\/ul>\n<\/li>\n<\/ul>\n<h3><strong>\u00c7elik Kasa Yang\u0131na Kar\u015f\u0131 Dayan\u0131kl\u0131l\u0131k \u00d6zellikleri<\/strong><\/h3>\n<hr size='\\\"2\\\"'>\n<ul>\n<li style=\"list-style-type: none;\">\n<ul>\n<li>1090 oC derece \u0131s\u0131ya 60 dakika dayan\u0131kl\u0131d\u0131r. En \u00fcst yang\u0131n dayan\u0131kl\u0131 \u00e7elik kasa standard\u0131na sahiptir.<\/li>\n<li>En az 60 dakika yang\u0131n s\u00fcresince, i\u00e7 s\u0131cakl\u0131k 150<sup>o<\/sup>C dereceyi ge\u00e7mez. ( ka\u011f\u0131t bozulma s\u0131cakl\u0131\u011f\u0131)<\/li>\n<li>S\u0131cakl\u0131k, duman, buhar, nem di\u011fer fiziksel etkilere kar\u015f\u0131 tam koruma sa\u011flar.<\/li>\n<li>Yang\u0131n, su, gaz ve dumana kar\u015f\u0131 dayan\u0131kl\u0131 dayan\u0131kl\u0131d\u0131r.<\/li>\n<li>\u00dc\u00e7l\u00fc ge\u00e7me sistemli \u00f6zel \u00e7er\u00e7eve sistemi ile g\u00fcvenlik art\u0131r\u0131lm\u0131\u015ft\u0131r.<\/li>\n<li>Depreme kar\u015f\u0131 dayan\u0131kl\u0131d\u0131r.<\/li>\n<\/ul>\n<\/li>\n<\/ul>\n<h3><strong>ECB:S Sertifikal\u0131 \u00c7elik Kasa Kullan\u0131m Alanlar\u0131<\/strong><\/h3>\n<hr size='\\\"2\\\"'>\n<ul>\n<li style=\"list-style-type: none;\">\n<ul>\n<li>Eurosafe Celik kasa, evlerde profesyonel \u00e7elik para kasas\u0131 g\u00fcvenli\u011fi sa\u011flar. Eurosafe\\\u2019in bu y\u00fcksek g\u00fcvenlikli kasa modeli, di\u011fer \u00e7elik kasa modellerinin aksine, \u00f6zel g\u00fcvenlik seviyesi ile m\u00fccevher, tak\u0131, saat gibi hassas de\u011ferleri risk olmadan saklamak i\u00e7in hem rahat hem de y\u00fcksek g\u00fcvenlik sa\u011flar.<\/li>\n<li>Her t\u00fcrl\u00fc i\u015fyerinde, ofis kasas\u0131, dosya kasas\u0131, nakit para kasas\u0131, evrak kasas\u0131 amac\u0131yla ofis tipi \u00e7elik kasa olarak kullan\u0131labilir. Klas\u00f6r, evrak, dosya, nakit, \u00e7ek, senet, tapu, s\u00f6zle\u015fme vs gibi de\u011ferli yang\u0131n ve h\u0131rs\u0131zl\u0131k olaylar\u0131na kar\u015f\u0131 korur. \u00d6zellikle mimarlar, tasar\u0131mlar\u0131nda ve dekorasyon uygulamalar\u0131nda g\u00fcvenlikten taviz vermeden \u00e7ok \u015f\u0131k \u00e7elik kasa modelleri ile mekanlar\u0131n g\u00fcvenlik ihtiya\u00e7lar\u0131na prestij kazand\u0131rabilirler. BU model \u00e7elik kasalar\u0131n fiyatlar\u0131, geleneksek \u00e7elik kasa fiyatlar\u0131 ile k\u0131yaslanmamal\u0131d\u0131r. Bir kasa fiyat\u0131n\u0131 belirleyen en \u00f6nemli \u015fey \u00e7elik kasan\u0131n g\u00fcvenlik derecesi ve sahip oldu\u011fu sertifikalard\u0131r. Sonradan herhangi bir kay\u0131p ya\u015famamak i\u00e7in, \u00e7elik kasa al\u0131rken ilk bak\u0131lmas\u0131 gereken \u00f6zellikleri, sonras\u0131nda ise fiyat\u0131d\u0131r. \u00d6nemli olan ECB.S onayl\u0131 bir kasay\u0131 en uygun fiyata en g\u00fcvenli \u015fekilde sat\u0131n alabilmektir.<\/li>\n<li>Otel, hastane, okul, benzin istasyonu gibi kurumlarda muhasebe kasas\u0131 ya da vezne kasas\u0131, safe olarak kullan\u0131labilir.<\/li>\n<li>De\u011ferli ila\u00e7lar\u0131 h\u0131rs\u0131zl\u0131k ve yang\u0131ndan korumak i\u00e7in eczane kasas\u0131 olarak kullan\u0131labilir.<\/li>\n<li>Kamu kurumlar\u0131nda de\u011ferli ka\u011f\u0131t ve evrak kasas\u0131 olarak kullan\u0131labilir.<\/li>\n<li>Evlerde ki\u015fisel kasa kullan\u0131m\u0131na uygundur. Yazl\u0131klar i\u00e7in \u00e7elik kasa olarak yazl\u0131klarda, \u00e7iftliklerde kullan\u0131labilir. Bodrum, Antalya, \u00c7e\u015fme Ve \u0130zmir gibi tatil b\u00f6lgeleri dahil t\u00fcm T\u00fcrkiye\u2019ye \u00e7elik kasa teslimat\u0131 ve montaj\u0131 hizmeti verilmektedir.<\/li>\n<li>Kuyumcu kasas\u0131, d\u00f6viz b\u00fcrosu kasas\u0131 olarak kullan\u0131labiliecek kadar \u00fcst d\u00fczey g\u00fcvenlik seviyesinde bir kasad\u0131r. \u00c7elik kasa fiyatlar\u0131 k\u0131yaslan\u0131rken, bu modelin profesyonel bir para kasas\u0131 modeli oldu\u011fu, Ecb.S En1143-1 sertifikas\u0131 , ve g\u00fcvenlik derecesi de g\u00f6z \u00f6n\u00fcne al\u0131nmal\u0131d\u0131r. Size \u00f6zel \u00f6deme se\u00e7enekleri ve fiyat teklifi i\u00e7in l\u00fctfen irtibata ge\u00e7iniz.<\/li>\n<\/ul>\n<\/li>\n<\/ul>\n<h3><strong>Garanti ve Teknik Servis Hizmetleri<\/strong><\/h3>\n<hr size='\\\"2\\\"'>\n<ul>\n<li style=\"list-style-type: none;\">\n<ul>\n<li>T\u00fcm \u00fcretim hatalar\u0131na kar\u015f\u0131 en az 2 (iki) y\u0131l garantilidir.<\/li>\n<li>Paradok Elektronik taraf\u0131ndan ithal edilmekte, teslimat, montaj ve t\u00fcm servis hizmetleri, EUROSAFE \u00c7elik Kasa teknik ekipleri taraf\u0131ndan sa\u011flanmaktad\u0131r.<\/li>\n<\/ul>\n<\/li>\n<\/ul>\n<\/body>","protected":false},"excerpt":{"rendered":"<p>ECBS EN1143-1 Sertifikal\u0131 Profesyonel \u00c7elik Kasa ES1200 590 KG a\u011f\u0131rl\u0131\u011f\u0131na ek olarak, i\u00e7ten zemine monte edilebilen, Avrupan\u0131n en \u00fcst h\u0131rs\u0131zl\u0131k&hellip;<\/p>\n","protected":false},"featured_media":242,"comment_status":"open","ping_status":"closed","template":"","meta":[],"product_brand":[],"product_cat":[28],"product_tag":[],"class_list":{"0":"post-241","1":"product","2":"type-product","3":"status-publish","4":"has-post-thumbnail","6":"product_cat-yuksek-guvenlikli-celik-kasa","8":"first","9":"instock","10":"taxable","11":"shipping-taxable","12":"product-type-simple"},"jetpack_sharing_enabled":true,"_links":{"self":[{"href":"https:\/\/www.celikkasa.com\/2019\/wp-json\/wp\/v2\/product\/241","targetHints":{"allow":["GET"]}}],"collection":[{"href":"https:\/\/www.celikkasa.com\/2019\/wp-json\/wp\/v2\/product"}],"about":[{"href":"https:\/\/www.celikkasa.com\/2019\/wp-json\/wp\/v2\/types\/product"}],"replies":[{"embeddable":true,"href":"https:\/\/www.celikkasa.com\/2019\/wp-json\/wp\/v2\/comments?post=241"}],"wp:featuredmedia":[{"embeddable":true,"href":"https:\/\/www.celikkasa.com\/2019\/wp-json\/wp\/v2\/media\/242"}],"wp:attachment":[{"href":"https:\/\/www.celikkasa.com\/2019\/wp-json\/wp\/v2\/media?parent=241"}],"wp:term":[{"taxonomy":"product_brand","embeddable":true,"href":"https:\/\/www.celikkasa.com\/2019\/wp-json\/wp\/v2\/product_brand?post=241"},{"taxonomy":"product_cat","embeddable":true,"href":"https:\/\/www.celikkasa.com\/2019\/wp-json\/wp\/v2\/product_cat?post=241"},{"taxonomy":"product_tag","embeddable":true,"href":"https:\/\/www.celikkasa.com\/2019\/wp-json\/wp\/v2\/product_tag?post=241"}],"curies":[{"name":"wp","href":"https:\/\/api.w.org\/{rel}","templated":true}]}}