{"id":231,"date":"2019-07-07T23:00:06","date_gmt":"2019-07-07T22:00:06","guid":{"rendered":"https:\/\/www.celikkasa.com\/2019\/?post_type=product&#038;p=231"},"modified":"2026-04-21T10:48:42","modified_gmt":"2026-04-21T09:48:42","slug":"zck-85-cift-kapili-celik-kasa","status":"publish","type":"product","link":"https:\/\/www.celikkasa.com\/2019\/urun\/zck-85-cift-kapili-celik-kasa\/","title":{"rendered":"ZCK 85 \u00c7ift Kap\u0131l\u0131 \u00c7elik Kasa"},"content":{"rendered":"<body><h3><strong>\u00c7elik Kasa \u00d6l\u00e7\u00fc, A\u011f\u0131rl\u0131k, Hacim Bilgileri<\/strong><\/h3>\n<table border='\\\"0\\\"' rules='\\\"rows\\\"'>\n<tbody>\n<tr>\n<td width='\\\"179\\\"'><strong>\u00a0Model<\/strong><\/td>\n<td width='\\\"19\\\"'><strong>:<\/strong><\/td>\n<td width='\\\"212\\\"'><strong>ZCK85 \u00c7ift Kap\u0131l\u0131 \u00c7elik Kasa ( Anahtarl\u0131)<\/strong><\/td>\n<\/tr>\n<tr>\n<td width='\\\"179\\\"'><strong>\u00a0D\u0131\u015f \u00d6l\u00e7\u00fcler<\/strong><\/td>\n<td width='\\\"19\\\"'><strong>:<\/strong><\/td>\n<td width='\\\"212\\\"'>850 x 430 x 370 (mm)<\/td>\n<\/tr>\n<tr>\n<td width='\\\"179\\\"'><strong>\u00a0\u0130\u00e7 \u00d6l\u00e7\u00fcler<\/strong><\/td>\n<td width='\\\"19\\\"'><strong>:<\/strong><\/td>\n<td width='\\\"212\\\"'>340 x 330 x 170(mm) \u00fcst b\u00f6l\u00fcm<\/td>\n<\/tr>\n<tr>\n<td width='\\\"179\\\"'><strong>\u00a0A\u011f\u0131rl\u0131k<\/strong><\/td>\n<td width='\\\"19\\\"'><strong>:<\/strong><\/td>\n<td width='\\\"212\\\"'>158 Kg.<\/td>\n<\/tr>\n<tr>\n<td width='\\\"179\\\"'><strong>\u00a0Hacim<\/strong><\/td>\n<td width='\\\"19\\\"'><strong>:<\/strong><\/td>\n<td width='\\\"212\\\"'>20+20 Lt.<\/td>\n<\/tr>\n<tr>\n<td width='\\\"179\\\"'><strong>\u00a0\u00c7ekmece \/ Raf Say\u0131s\u0131<\/strong><\/td>\n<td width='\\\"19\\\"'><strong>:<\/strong><\/td>\n<td width='\\\"212\\\"'>1 kilitli \u00c7ekmece \/ 1 Ayarl\u0131 Raf \/ 1 Kasa Dolab\u0131 B\u00f6l\u00fcm\u00fc<\/td>\n<\/tr>\n<tr>\n<td width='\\\"179\\\"'><strong>\u00a0Kilitleme Mekanizmas\u0131<\/strong><\/td>\n<td width='\\\"19\\\"'><strong>:<\/strong><\/td>\n<td width='\\\"212\\\"'>Anahtarl\u0131 Klasik \u00c7elik Kasa Kilidi<\/td>\n<\/tr>\n<\/tbody>\n<\/table>\n<p>Klasik Model \u00c7ift Kap\u0131l\u0131 Kasa, Antep Tipi \u00e7elik Kasa olarak da bilinen, \u00fclkemizde en \u00e7ok kullan\u0131lan, anahtarl\u0131 yerli \u00e7elik kasa modelidir.<\/p>\n<h3><strong>\u00c7elik Kasa Genel \u00d6zellikleri (\u00c7ift Kap\u0131l\u0131 Kasa)<\/strong><\/h3>\n<hr size='\\\"2\\\"'>\n<ul>\n<li style=\"list-style-type: none;\">\n<ul>\n<li>\u00c7ift Cidar \u00c7elik aras\u0131 dolgulu kasa duvarlar\u0131<\/li>\n<li>3 Adet \u00e7elik kilitleme milleri ve kapakta ge\u00e7me sistemi ile ekstra g\u00fcvenlik<\/li>\n<li>\u00c7elik kasalar i\u00e7i anahtarl\u0131 \u00e7ekmece ve ayarl\u0131 raf sistemi ile \u00e7ok daha kullan\u0131\u015fl\u0131 i\u00e7 tasar\u0131m\u0131 ile daha verimli kullan\u0131m imkan\u0131<\/li>\n<li>Daha fazla g\u00fcvenlik i\u00e7in, 85 cm y\u00fcksekli\u011fine g\u00f6re ra\u011fmen \u00e7elik kasa a\u011f\u0131rl\u0131\u011f\u0131 158 Kg<\/li>\n<li>\u00c7ift kap\u0131l\u0131, alt b\u00f6l\u00fcmde ayr\u0131 kilitli kasa dolap b\u00f6l\u00fcm\u00fc<\/li>\n<\/ul>\n<\/li>\n<\/ul>\n<h3><strong>Kasa Kilit Genel \u00d6zellileri<\/strong><\/h3>\n<hr size='\\\"2\\\"'>\n<ul>\n<li style=\"list-style-type: none;\">\n<ul>\n<li>\u00c7ift Anahtarl\u0131 Kademeli Kilit ve Emniyet kilit Sistemine sahiptir (Standart olarak sunulur)<\/li>\n<li>Opsiyon olarak elektronik \u015fifreli kilit tak\u0131labilir.<\/li>\n<li>3\u2019l\u00fc \u00e7elik kilitleme milleri ile h\u0131rs\u0131zl\u0131\u011fa kar\u015f\u0131 tam koruma sa\u011flar.<\/li>\n<\/ul>\n<\/li>\n<\/ul>\n<h3><strong>Klasik \u00c7elik Kasa \u0130\u00e7 D\u00fczen Ekipmanlar\u0131<\/strong><\/h3>\n<hr size='\\\"2\\\"'>\n<ul>\n<li style=\"list-style-type: none;\">\n<ul>\n<li>Anahtarl\u0131 kilitli \u00e7elik kasa \u00e7ekmecesi ile \u00e7ok daha kullan\u0131\u015fl\u0131 bir i\u00e7 hacim yarat\u0131lm\u0131\u015ft\u0131r.<\/li>\n<li>Raf y\u00fcksekli\u011fi ayarlanabilir.<\/li>\n<li>\u00c7elik kasa i\u00e7inde gizli b\u00f6l\u00fcmler mevcuttur.<\/li>\n<\/ul>\n<\/li>\n<\/ul>\n<h3><strong>Klasik Model \u00c7ift Kap\u0131l\u0131 \u00c7elik Kasa Kullan\u0131m Alanlar\u0131<\/strong><\/h3>\n<hr size='\\\"2\\\"'>\n<ul>\n<li style=\"list-style-type: none;\">\n<ul>\n<li>Ev kasas\u0131 olarak kullan\u0131labilir. \u00dclkemizde y\u0131llard\u0131r kullan\u0131lan antep tipi kasa diye de adland\u0131r\u0131lan \u00e7elik para kasas\u0131 modelidir.<\/li>\n<li>Her t\u00fcrl\u00fc i\u015fyerinde, masa alt\u0131 kasa, dolap i\u00e7i kasa, ofis kasas\u0131, nakit para kasas\u0131, ofis tipi \u00e7elik kasa olarak kullan\u0131labilir. Nakit, \u00e7ek, senet, gibi de\u011ferli h\u0131rs\u0131zl\u0131k olaylar\u0131na kar\u015f\u0131 korur. \u00d6zellikle mimarlar, tasar\u0131mlar\u0131nda ve dekorasyon uygulamalar\u0131nda g\u00fcvenlikten taviz vermeden \u00e7ok \u015f\u0131k \u00e7elik kasa modelleri ile mekanlar\u0131n g\u00fcvenlik ihtiya\u00e7lar\u0131na prestij kazand\u0131rabilirler. BU model \u00e7elik kasalar\u0131n fiyatlar\u0131, geleneksek \u00e7elik kasa fiyatlar\u0131 ile k\u0131yaslanmamal\u0131d\u0131r. Bir kasa fiyat\u0131n\u0131 belirleyen en \u00f6nemli \u015fey \u00e7elik kasan\u0131n g\u00fcvenlik derecesi ve sahip oldu\u011fu sertifikalard\u0131r. Sonradan herhangi bir kay\u0131p ya\u015famamak i\u00e7in, \u00e7elik kasa al\u0131rken ilk bak\u0131lmas\u0131 gereken \u00f6zellikleri, sonras\u0131nda ise fiyat\u0131d\u0131r. \u00d6nemli olan ECB.S onayl\u0131 bir kasay\u0131 en uygun fiyata en g\u00fcvenli \u015fekilde sat\u0131n alabilmektir.<\/li>\n<li>Otel, hastane, okul, benzin istasyonu gibi kurumlarda muhasebe kasas\u0131 ya da vezne kasas\u0131, safe olarak kullan\u0131labilir.<\/li>\n<li>De\u011ferli ila\u00e7lar\u0131 h\u0131rs\u0131zl\u0131ktan korumak i\u00e7in eczane kasas\u0131 olarak kullan\u0131labilir.<\/li>\n<li>Kamu kurumlar\u0131nda \u00e7okca tercih edilen bir kasa modelidir.<\/li>\n<li>Evlerde ki\u015fisel kasa kullan\u0131m\u0131na uygundur. Yazl\u0131klar i\u00e7in \u00e7elik kasa olarak yazl\u0131klarda, \u00e7iftliklerde kullan\u0131labilir. Bodrum, Antalya, \u00c7e\u015fme Ve \u0130zmir gibi tatil b\u00f6lgeleri dahil t\u00fcm T\u00fcrkiye\u2019ye \u00e7elik kasa teslimat\u0131 ve montaj\u0131 hizmeti verilmektedir.<\/li>\n<li>Ucuz celik kasa arayanlar i\u00e7in, \u00c7elik kasa fiyatlar\u0131 k\u0131yaslan\u0131rken, bu klasik model iyi bir alternatiftir. Profesyonel bir para kasas\u0131 modeli olmad\u0131\u011f\u0131 dikkate al\u0131nmal\u0131, y\u00fcksek g\u00fcvenlikli bir \u00e7elik kasa ihtiyac\u0131 varsa, fiyatlar\u0131 biraz daha pahal\u0131 olmas\u0131na ra\u011fmen Ecb.S En1143-1 sertifikas\u0131 olan modeller tercih edilmelidir. Size \u00f6zel \u00f6deme se\u00e7enekleri ve fiyat teklifi i\u00e7in l\u00fctfen irtibata ge\u00e7iniz.<\/li>\n<\/ul>\n<\/li>\n<\/ul>\n<h3><strong>Garanti ve Teknik Servis Hizmetleri<\/strong><\/h3>\n<hr size='\\\"2\\\"'>\n<ul>\n<li style=\"list-style-type: none;\">\n<ul>\n<li>T\u00fcm \u00fcretim hatalar\u0131na kar\u015f\u0131 en az 2 (iki) y\u0131l garantilidir.<\/li>\n<\/ul>\n<\/li>\n<\/ul>\n<\/body>","protected":false},"excerpt":{"rendered":"<p>Gaziantep tipi, anahtarl\u0131 , alt\u0131 dolapl\u0131 \u00e7elik para kasas\u0131<\/p>\n","protected":false},"featured_media":232,"comment_status":"open","ping_status":"closed","template":"","meta":[],"product_brand":[],"product_cat":[17],"product_tag":[],"class_list":{"0":"post-231","1":"product","2":"type-product","3":"status-publish","4":"has-post-thumbnail","6":"product_cat-ofis-tipi-kasa","8":"first","9":"instock","10":"taxable","11":"shipping-taxable","12":"purchasable","13":"product-type-simple"},"jetpack_sharing_enabled":true,"_links":{"self":[{"href":"https:\/\/www.celikkasa.com\/2019\/wp-json\/wp\/v2\/product\/231","targetHints":{"allow":["GET"]}}],"collection":[{"href":"https:\/\/www.celikkasa.com\/2019\/wp-json\/wp\/v2\/product"}],"about":[{"href":"https:\/\/www.celikkasa.com\/2019\/wp-json\/wp\/v2\/types\/product"}],"replies":[{"embeddable":true,"href":"https:\/\/www.celikkasa.com\/2019\/wp-json\/wp\/v2\/comments?post=231"}],"wp:featuredmedia":[{"embeddable":true,"href":"https:\/\/www.celikkasa.com\/2019\/wp-json\/wp\/v2\/media\/232"}],"wp:attachment":[{"href":"https:\/\/www.celikkasa.com\/2019\/wp-json\/wp\/v2\/media?parent=231"}],"wp:term":[{"taxonomy":"product_brand","embeddable":true,"href":"https:\/\/www.celikkasa.com\/2019\/wp-json\/wp\/v2\/product_brand?post=231"},{"taxonomy":"product_cat","embeddable":true,"href":"https:\/\/www.celikkasa.com\/2019\/wp-json\/wp\/v2\/product_cat?post=231"},{"taxonomy":"product_tag","embeddable":true,"href":"https:\/\/www.celikkasa.com\/2019\/wp-json\/wp\/v2\/product_tag?post=231"}],"curies":[{"name":"wp","href":"https:\/\/api.w.org\/{rel}","templated":true}]}}