{"id":202,"date":"2019-07-07T21:52:10","date_gmt":"2019-07-07T20:52:10","guid":{"rendered":"https:\/\/www.celikkasa.com\/2019\/?post_type=product&#038;p=202"},"modified":"2026-01-31T03:31:01","modified_gmt":"2026-01-31T02:31:01","slug":"tsl-060-dokunmatik-celik-kasa","status":"publish","type":"product","link":"https:\/\/www.celikkasa.com\/2019\/urun\/tsl-060-dokunmatik-celik-kasa\/","title":{"rendered":"TSL 060 Dokunmatik \u00c7elik Kasa"},"content":{"rendered":"<body><p><strong>Dokunmatik Ekranl\u0131, Alarml\u0131, 1090 C derece Yang\u0131na Dayan\u0131kl\u0131 \u00c7elik Kasa<\/strong>\u00a0(Sertifikal\u0131)<\/p>\n<hr size='\\\"2\\\"'>\n<ul>\n<li style=\"list-style-type: none;\">\n<ul>\n<li>Otomatik kararan, dokunmatik ekranl\u0131 modern elektronik \u015fifreli kilit sistemi<\/li>\n<li>5 Farkl\u0131 kullan\u0131c\u0131 i\u00e7in, farkl\u0131 \u015fifreler tan\u0131mlayabilme \u00f6zelli\u011fi<\/li>\n<li>Daha fazla g\u00fczenlik i\u00e7in, 4-16 basamakl\u0131 \u015fifre se\u00e7ebilme \u00f6zg\u00fcrl\u00fc\u011f\u00fc<\/li>\n<li>\u015eifrenizi tu\u015flarken, ba\u015f\u0131na ve sonuna rastgele rakamlar girerek, sizi izleyenleri yan\u0131ltma se\u00e7ene\u011fi<\/li>\n<li>Darbelere kar\u015f\u0131 entegre alarm, ve 5 hatal\u0131 \u015fifre denemesinde bloke olma \u00f6zelli\u011fi<\/li>\n<li>SP onayl\u0131, Yang\u0131na kar\u015f\u0131 Tam Koruma Sertifikas\u0131<\/li>\n<\/ul>\n<\/li>\n<\/ul>\n<p>Her t\u00fcrl\u00fc evrak, m\u00fccevher, alt\u0131n ve nakit para gibi de\u011ferleri h\u0131rs\u0131zl\u0131k ve yang\u0131na kar\u015f\u0131 da tam olarak korumak i\u00e7in tasarlanm\u0131\u015f, NT Fire 017 sertifikal\u0131, ithal, yanmaz \u00e7elik ev ofis kasas\u0131.\\r\\n\\r\\nElektronik \u015fifreli dokunmatik ekranl\u0131 \u00e7elikkasa, en son sistem kilitleme mekanizmas\u0131 ile anahtar ta\u015f\u0131ma zahmetini, anahtar kaybetme riskini ortadan kald\u0131r\u0131r, g\u00fcn i\u00e7inde defalarca a\u00e7\u0131p kapamay\u0131 kolayla\u015ft\u0131r\u0131r, geli\u015fmi\u015f ve g\u00fcvenli koruma sa\u011flar.<\/p>\n<hr size='\\\"2\\\"'>\n<p><strong>060 TSL (Touch Screen Lock) \u00c7elik Kasalar, hem yang\u0131na hem h\u0131rs\u0131zl\u0131\u011fa kar\u015f\u0131 korumal\u0131d\u0131r. <\/strong><\/p>\n<h2><strong>060 TSL \u00c7elik Kasa Teknik \u00d6zellikleri <\/strong><\/h2>\n<p>\u00a0<\/p>\n<table border='\\\"0\\\"' rules='\\\"rows\\\"'>\n<tbody>\n<tr><!-- Row 1 -->\n<td><b>Model <\/b><\/td>\n<p><!-- Col 1 --><\/p>\n<td>: TSL 060 \u00c7elik Kasa ( SP Sertifikal\u0131 Yang\u0131na Dayan\u0131kl\u0131)<\/td>\n<p><!-- Col 2 --><\/p><\/tr>\n<tr><!-- Row 2 -->\n<td><b>D\u0131\u015f \u00d6l\u00e7\u00fcler<\/b><\/td>\n<p><!-- Col 1 --><\/p>\n<td>: 660 \u00d7 470 \u00d7 470 mm (YxGxD)<\/td>\n<p><!-- Col 2 --><\/p><\/tr>\n<tr><!-- Row 3 -->\n<td><b>\u0130\u00e7 \u00d6l\u00e7\u00fcler<\/b><\/td>\n<p><!-- Col 1 --><\/p>\n<td>: 480 \u00d7 350 \u00d7 300 mm (YxGxD)<\/td>\n<p><!-- Col 2 --><\/p><\/tr>\n<tr><!-- Row 4 -->\n<td><b>A\u011f\u0131rl\u0131k <\/b><\/td>\n<p><!-- Col 1 --><\/p>\n<td>: 80 Kg<\/td>\n<p><!-- Col 2 --><\/p><\/tr>\n<tr><!-- Row 5 -->\n<td><b>Kapasite <\/b><\/td>\n<p><!-- Col 1 --><\/p>\n<td>: 50 Litre<\/td>\n<p><!-- Col 2 --><\/p><\/tr>\n<tr><!-- Row 6 -->\n<td><b>\u00c7ekmece\/Raf Say\u0131s\u0131<\/b><\/td>\n<p><!-- Col 1 --><\/p>\n<td>: 1 Kilitli \u00c7ekmece \/1 Ayarl\u0131 Raf<\/td>\n<p><!-- Col 2 --><\/p><\/tr>\n<tr><!-- Row 7 -->\n<td><b>Kilitleme Mekanizmas\u0131 <\/b><\/td>\n<p><!-- Col 1 --><\/p>\n<td>Elektronik \u015e\u0130freli, Dokunmatik Ekranl\u0131 Kilitleme Sistemi<\/td>\n<p><!-- Col 2 --><\/p><\/tr>\n<\/tbody>\n<\/table>\n<h3><strong>\u00c7elik Kasa Sertifikalar\u0131<\/strong><\/h3>\n<hr size='\\\"2\\\"'>\n<ul>\n<li style=\"list-style-type: none;\">\n<ul>\n<li>Avrupa Birli\u011fi Normlar\u0131na ( EN) uygundur.<\/li>\n<li>NT Fire 017 60 Paper yang\u0131na dayan\u0131kl\u0131l\u0131k EN (Avrupa normlar\u0131) sertifikalar\u0131na sahiptir. *SP onayl\u0131 (Swedish National Testing and Research Institute), 1090 derece s\u0131cakl\u0131kta 120 dakika dosya ( ka\u011f\u0131t) yang\u0131n g\u00fcvenli\u011fi sertifikas\u0131)<\/li>\n<li>ISO 9001 -2008 &amp; ISO 9001-2009 kalite sertifikalar\u0131na sahiptir.<\/li>\n<\/ul>\n<\/li>\n<\/ul>\n<h3><strong>\u00c7elik Kasa Yang\u0131na Kar\u015f\u0131 Dayan\u0131kl\u0131l\u0131k \u00d6zellikleri<\/strong><\/h3>\n<hr size='\\\"2\\\"'>\n<ul>\n<li style=\"list-style-type: none;\">\n<ul>\n<li>1090 oC derece \u0131s\u0131ya 60 dakika dayan\u0131kl\u0131d\u0131r. En \u00fcst yang\u0131n dayan\u0131kl\u0131 \u00e7elik kasa standard\u0131na sahiptir.<\/li>\n<li>En az 60 dakika yang\u0131n s\u00fcresince, i\u00e7 s\u0131cakl\u0131k 150<sup>o<\/sup>C dereceyi ge\u00e7mez. ( ka\u011f\u0131t bozulma s\u0131cakl\u0131\u011f\u0131)<\/li>\n<li>S\u0131cakl\u0131k, duman, buhar, nem di\u011fer fiziksel etkilere kar\u015f\u0131 tam koruma sa\u011flar.<\/li>\n<li>Yang\u0131n, su, gaz ve dumana kar\u015f\u0131 dayan\u0131kl\u0131 dayan\u0131kl\u0131d\u0131r.<\/li>\n<li>\u00dc\u00e7l\u00fc ge\u00e7me sistemli \u00f6zel \u00e7er\u00e7eve sistemi ile g\u00fcvenlik art\u0131r\u0131lm\u0131\u015ft\u0131r.<\/li>\n<li>Depreme kar\u015f\u0131 dayan\u0131kl\u0131d\u0131r.<\/li>\n<\/ul>\n<\/li>\n<\/ul>\n<p>\u00a0<\/p>\n<h5><strong style=\"font-size: 2em;\">\u00c7elik Kasa \u015eifreli Kilit \u00d6zellikleri \u2013 Dokunmatik Ekranl\u0131-<\/strong><\/h5>\n<hr size='\\\"2\\\"'>\n<ul>\n<li style=\"list-style-type: none;\">\n<ul>\n<li>Dokunmatik Ekranl\u0131, Elektronik \u015eifreli Kilit Sistemine sahiptir (Standart olarak sunulur)<\/li>\n<li>Elektronik kilit, 4-16 basamakl\u0131 iki ayr\u0131 \u015fifre ile kullan\u0131labilir.<\/li>\n<li>5 Farkl\u0131 kullan\u0131c\u0131 i\u00e7in, farkl\u0131 \u015fifreler tan\u0131mlanabilir.<\/li>\n<li>Kasan\u0131z\u0131 kullan\u0131rken etrafta ba\u015fkalar\u0131 varsa, \u015fifrenizin ba\u015f\u0131na ya da sonuna rastgele rakamlar girerek \u015fa\u015f\u0131rtma uygulanabilir.<\/li>\n<li>Ekrana dokunuldu\u011funda tu\u015f tak\u0131m\u0131 ayd\u0131nlan\u0131r, otomatik olarak karar\u0131r.<\/li>\n<li>3 y\u00f6nl\u00fc \u00c7elik kilitleme milleri ile h\u0131rs\u0131zl\u0131\u011fa kar\u015f\u0131 tam koruma sa\u011flar.<\/li>\n<\/ul>\n<\/li>\n<\/ul>\n<h2><strong>\u00c7elik Kasa \u0130\u00e7 D\u00fczen Ekipmanlar\u0131<\/strong><\/h2>\n<hr size='\\\"2\\\"'>\n<ul>\n<li style=\"list-style-type: none;\">\n<ul>\n<li>Dosya, klas\u00f6r tiplerine g\u00f6re ayarlanabilir, iste\u011fe g\u00f6re d\u00fczenlenebilen, ayarlanabilir i\u00e7 raf sistemine sahiptir.<\/li>\n<li>Anahtarl\u0131 Kilitli \u00e7ekmecesi ile, kasa i\u00e7inde ayr\u0131ca bir g\u00fcvenli b\u00f6l\u00fcm kullan\u0131labilir.<\/li>\n<li>Raf adetleri ayarlanabilir.<\/li>\n<\/ul>\n<\/li>\n<\/ul>\n<h2><strong>Sertifikal\u0131 \u00c7elik Kasa Modelleri Kullan\u0131m Alanlar\u0131 <\/strong><\/h2>\n<hr size='\\\"2\\\"'>\n<ul>\n<li style=\"list-style-type: none;\">\n<ul>\n<li>Her t\u00fcrl\u00fc i\u015fyerinde, ofis kasas\u0131, dosya kasas\u0131, para kasas\u0131, evrak kasas\u0131 olarak kullan\u0131labilir. Klas\u00f6r, evrak, dosya, nakit, \u00e7ek, senet, tapu, s\u00f6zle\u015fme, alt\u0131n ve m\u00fccevher vs gibi de\u011ferli yang\u0131n ve h\u0131rs\u0131zl\u0131k olaylar\u0131na kar\u015f\u0131 korur.<\/li>\n<li>Otel, hastane, okul, benzin istasyonu gibi kurumlarda muhasebe kasas\u0131 ve vezne kasas\u0131 olarak kullan\u0131labilir.<\/li>\n<li>De\u011ferli ila\u00e7lar\u0131, narkotik ila\u00e7lar\u0131 h\u0131rs\u0131zl\u0131k ve yang\u0131ndan korumak i\u00e7in eczane kasas\u0131, narkotik kasas\u0131 olarak kullan\u0131labilir.<\/li>\n<li>Kamu kurumlar\u0131nda de\u011ferli ka\u011f\u0131t ve evrak kasas\u0131 olarak kullan\u0131labilir.<\/li>\n<li>Evlerde ki\u015fisel kasa kullan\u0131m\u0131na uygundur. yazl\u0131klar i\u00e7in para ve m\u00fccevher kasas\u0131 olarak yazl\u0131klarda, \u00e7iftliklerde kulan\u0131labilir.<\/li>\n<li>ISO 27001 veri g\u00fcvenli\u011fi y\u00f6netim sistemi uygulayan firmalar i\u00e7in bas\u0131l\u0131 evrak veri g\u00fcvenli\u011fi ko\u015fullar\u0131n\u0131 sa\u011flar.<\/li>\n<\/ul>\n<\/li>\n<\/ul>\n<hr size='\\\"2\\\"'>\n<h3><strong>Garanti \u00d6zellikleri <\/strong><\/h3>\n<ul>\n<li style=\"list-style-type: none;\">\n<ul>\n<li>T\u00fcm \u00fcretim hatalar\u0131na kar\u015f\u0131 en az 2 (iki) y\u0131l garantilidir.<\/li>\n<li>Garanti ve teknik servis hizmetleri EUROSAFE \u00c7elik Kasa g\u00fcvencesindedir ve Eurosafe Ekipleri taraf\u0131ndan sa\u011flan\u0131r.<\/li>\n<\/ul>\n<\/li>\n<\/ul>\n<hr size='\\\"2\\\"'>\n<p><strong>\u00c7elik Kasa Fiyatlar\u0131 Hakk\u0131nda Bilgi<\/strong><\/p>\n<ul>\n<li style=\"list-style-type: none;\">\n<ul>\n<li>Geli\u015fen \u00e7elik kasa teknolojisi, hem kasalar\u0131n g\u00fcvenli\u011fini, hem \u015fifreli kilitlerin \u00f6zelliklerini hem de yang\u0131na kar\u015f\u0131 dayan\u0131kl\u0131\u011f\u0131 art\u0131r\u0131rken, bu model \u00e7elik kasalar\u0131n fiyatlar\u0131n\u0131 neredeyse standar kasalar\u0131n fiyatlar\u0131yla ayn\u0131 seviyeye indirmi\u015ftir. Ge\u00e7ti\u011fimiz y\u0131llarda \u00e7ok pahal\u0131 olan geli\u015fmi\u015f kasalar, art\u0131k yerli merdiven alt\u0131 denilen kalitesiz \u00e7elik kasalarla k\u0131yasland\u0131\u011f\u0131nda hi\u00e7 de y\u00fcksek de\u011fildir.<\/li>\n<li>\u00c7elik kasa al\u0131rken, ilk dikkat edilecek \u015fey kesinlikle fiyat\u0131 olmamal\u0131d\u0131r. \u00d6ncelikle ihtiya\u00e7 belirlenmeli, ihtiyac\u0131m\u0131za en uygun g\u00fcvenlik seviyesindeki kasalar i\u00e7inde fiyatlar k\u0131yaslanmal\u0131d\u0131r. \u00c7o\u011funlukla sadece fiyata bakarak ucuz kasa se\u00e7mek, telafisi imkans\u0131z zararlara yol a\u00e7abilir. Ama\u00e7 en kaliteli en uygun kasay\u0131 en iyi fiyata alabilmektir. Hem uygun fiyatlar\u0131m\u0131z, indirim kampanyalar\u0131m\u0131z hem de kredi kart\u0131na taksit se\u00e7eneklerimizle sizin i\u00e7in en uygun \u00e7elik kasa i\u00e7in uzmanlar\u0131m\u0131zla ileti\u015fime ge\u00e7ebilirsiniz.<\/li>\n<\/ul>\n<\/li>\n<\/ul>\n<\/body>","protected":false},"excerpt":{"rendered":"<p>Dokunmatik Ekranl\u0131, Alarml\u0131, 1090 C derece Yang\u0131na Dayan\u0131kl\u0131 \u00c7elik Kasa\u00a0(Sertifikal\u0131) Otomatik kararan, dokunmatik ekranl\u0131 modern elektronik \u015fifreli kilit sistemi 5&hellip;<\/p>\n","protected":false},"featured_media":203,"comment_status":"open","ping_status":"closed","template":"","meta":[],"product_brand":[],"product_cat":[20],"product_tag":[],"class_list":{"0":"post-202","1":"product","2":"type-product","3":"status-publish","4":"has-post-thumbnail","6":"product_cat-tsl-serisi","8":"first","9":"instock","10":"taxable","11":"shipping-taxable","12":"purchasable","13":"product-type-simple"},"jetpack_sharing_enabled":true,"_links":{"self":[{"href":"https:\/\/www.celikkasa.com\/2019\/wp-json\/wp\/v2\/product\/202","targetHints":{"allow":["GET"]}}],"collection":[{"href":"https:\/\/www.celikkasa.com\/2019\/wp-json\/wp\/v2\/product"}],"about":[{"href":"https:\/\/www.celikkasa.com\/2019\/wp-json\/wp\/v2\/types\/product"}],"replies":[{"embeddable":true,"href":"https:\/\/www.celikkasa.com\/2019\/wp-json\/wp\/v2\/comments?post=202"}],"wp:featuredmedia":[{"embeddable":true,"href":"https:\/\/www.celikkasa.com\/2019\/wp-json\/wp\/v2\/media\/203"}],"wp:attachment":[{"href":"https:\/\/www.celikkasa.com\/2019\/wp-json\/wp\/v2\/media?parent=202"}],"wp:term":[{"taxonomy":"product_brand","embeddable":true,"href":"https:\/\/www.celikkasa.com\/2019\/wp-json\/wp\/v2\/product_brand?post=202"},{"taxonomy":"product_cat","embeddable":true,"href":"https:\/\/www.celikkasa.com\/2019\/wp-json\/wp\/v2\/product_cat?post=202"},{"taxonomy":"product_tag","embeddable":true,"href":"https:\/\/www.celikkasa.com\/2019\/wp-json\/wp\/v2\/product_tag?post=202"}],"curies":[{"name":"wp","href":"https:\/\/api.w.org\/{rel}","templated":true}]}}